 f = -402 - z. What is the greatest common factor of 18 and f?
18
Suppose 0*a = a - 41. Let x = 23 + a. Suppose -4*f - 28 = -k - 0*f, f + 83 = 5*k. Calculate the highest common divisor of k and x.
16
Let c(l) = -3*l**2 - 43*l + 18. Let t be c(-13). Calculate the highest common factor of t and 80.
10
Let s = 74 - 69. Let o(r) = -r + 21. Let n be o(s). Let t be (0 - -6)/((-12)/(-80)). What is the greatest common divisor of t and n?
8
Let g(v) = 4*v + 4. Let u be g(10). Calculate the highest common factor of u and 12.
4
Let u(m) = -790*m - 248. Let c be u(-4). What is the greatest common factor of 91 and c?
91
Suppose 4*q - q = 5*j - 42, -4*j - 4*q + 40 = 0. Let v be j/((-18)/(-88)) + 0. What is the greatest common divisor of v and 4?
4
Suppose 1545 = 4*w + 5*v, 0 = -0*w - w - 3*v + 395. Suppose -i - w = -5*i. Let s = 189 - 170. Calculate the highest common divisor of i and s.
19
Let r(x) = 2*x**3 - 7*x**2 - 7*x. Let i be r(6). Suppose 0 = 33*v - 31*v - 644. Suppose i = 4*b - v. What is the greatest common factor of 23 and b?
23
Let s(q) = 6*q**2 + 8*q. Let m be s(8). What is the greatest common divisor of m and 28?
28
Suppose -2043 = -6*n + 879. Let r = -211 + n. Calculate the highest common divisor of r and 46.
46
Suppose 0 = 3*t - 5*i - 37 - 11, 2*i + 32 = 2*t. Calculate the greatest common factor of 256 and t.
16
Let k = -335 - -377. Calculate the highest common factor of 798 and k.
42
Let w be (-6)/15*3*-30. Let i(t) = 6*t**3 + 3*t. Let f be i(2). What is the greatest common factor of f and w?
18
Let g = 12 - 16. Let i be (-4)/(-8) + (-42)/g. Calculate the highest common divisor of 88 and i.
11
Suppose -3*j + 4*q + 343 = 2*j, -5*j = 3*q - 364. Calculate the greatest common divisor of j and 5041.
71
Let x = -49 - -89. Suppose 3*i - 5*i + 20 = 0. Calculate the highest common factor of i and x.
10
Let g = 10 + -3. Suppose 0 = -3*p + g*p - 528. Let b be (-15 - 1)*p/(-8). What is the highest common divisor of b and 24?
24
Let a(d) = 21*d - 141. Let k be a(9). Calculate the greatest common factor of k and 36.
12
Let t = 61 - 51. Let a be (-18)/((-6)/t*20/16). Let u = 2 - -1. What is the highest common divisor of u and a?
3
Let p be (-23)/(-115) - 28/(-10)*1. What is the highest common factor of p and 51?
3
Let x(m) = -m + 4. Let d be x(-2). Let b(v) = 6*v + 2. Let q be b(d). Let p = q - 23. Calculate the greatest common factor of p and 90.
15
Suppose -2*c = -8*c - 60. Let j = -7 - c. Calculate the greatest common factor of 24 and j.
3
Suppose -3985 = -38*p - 71. Calculate the highest common factor of 1339 and p.
103
Suppose -14*a - 28 - 98 = 0. Let x be a/(-2)*((-16)/4 - -8). What is the highest common factor of x and 144?
18
Let i(n) = 10*n**2 - 36*n + 32. Let d be i(12). Calculate the greatest common factor of 60 and d.
20
Suppose 12 = j - 6. Suppose 0 = -5*t + 7*t. Suppose -5*a + t*k - 3*k = -534, a - 3*k - 114 = 0. Calculate the greatest common factor of j and a.
18
Let l = 306 - 282. Calculate the greatest common factor of 96 and l.
24
Suppose 14 = 4*d + 2. Suppose 2*l - 2*a - 8 = -2, -d*l = 5*a - 25. Suppose -5 = -5*q + l. What is the highest common divisor of q and 1?
1
Suppose -2*q - 29 = -x, 3*x - 4*q = 5*x - 50. Suppose 3*w - x - 36 = 0. What is the highest common factor of w and 147?
21
Let t be (-1)/(-3) - 20/(-12). Let a be t*8*12/16. What is the greatest common factor of a and 24?
12
Let a be 3/20*4 + 252/5. What is the highest common factor of 357 and a?
51
Let l be 81/(-405) + (1644/5)/4. What is the highest common factor of l and 6?
2
Let d = -798 - -922. What is the highest common factor of d and 186?
62
Suppose 665*t = 677*t - 5760. Calculate the greatest common divisor of t and 45.
15
Suppose -3*t - 60 = -0*t. Let y be 16/(-12)*(-5)/(40/204). Let w = y + t. What is the highest common divisor of 56 and w?
14
Let x = -96 + 62. Let z = x + 5. Let d = -27 - z. What is the greatest common factor of d and 6?
2
Let k = 81 - 80. Let d = 8 + -3. What is the highest common divisor of d and k?
1
Let i be ((-45)/10)/((-3)/(-8)). Let k = -9 - i. Suppose 0 = -k*y + 5*y - 16. What is the greatest common divisor of y and 56?
8
Suppose 3*z + 4*c - 104 = 0, -5*z + c + 51 = -3*z. What is the highest common factor of 4 and z?
4
Let c = -446 - -503. What is the greatest common divisor of 19 and c?
19
Let z(c) = c**3 + 11*c**2 + 7*c. Suppose -3*s = -2*s. Let l = s - 10. Let o be z(l). What is the highest common divisor of o and 45?
15
Let c be (3/4)/((-3)/(-8)). Suppose 2*x - 18 - c = 0. What is the highest common divisor of 100 and x?
10
Suppose -5*k - 6 = -5*l - 86, 5*l - 4 = k. Suppose -525 = 16*j - k*j. What is the highest common factor of 15 and j?
15
Let g(u) = -u**2 + 5*u - 3. Let t be g(4). Let i be (9 - t)/1 - -2. Let k = i - 6. Calculate the highest common divisor of k and 8.
4
Let m = -5 + 7. Let v = 0 + m. Suppose -4*j = -2*a - v*a + 44, -5*j + 20 = 0. What is the highest common divisor of 120 and a?
15
Let x = -19 - -96. Let u be 6/4*(-132)/(-9). Let c = u + -11. What is the highest common factor of x and c?
11
Let b = -28 - -54. Let d = b + -6. Let k be d/(-25)*10/(-4). What is the highest common factor of k and 2?
2
Suppose 4*k = 3*i - 82, -5*i + 194 = -5*k + 59. Let r = 28 - i. Calculate the highest common factor of r and 4.
2
Let j = 249 - 177. Suppose 5*m + j = s - 103, 4*m - 788 = -5*s. Let i be 5 - -13 - (-2 - (4 - 4)). Calculate the greatest common factor of s and i.
20
Let l(u) = u**3 + u**2. Let j be l(-1). Suppose j = 4*f - 5 - 11. Suppose -2*v - 3*p = -281, -4 = f*p - 24. What is the highest common factor of v and 19?
19
Let g = 43 + -35. Suppose 0 = 5*p + 20, -6*p + 44 = 5*j - 2*p. What is the greatest common factor of j and g?
4
Let p be (-5)/(15/16)*-3. Let w = p + 1. Let b = 70 + -19. Calculate the highest common divisor of w and b.
17
Suppose 88 = -60*v + 64*v. Suppose 3*q - 117 = 6*q. Let t be 4*(q/(-6) + -1). What is the greatest common factor of v and t?
22
Let c = 568 - 564. Suppose 0 = n + 2*n - 12. Suppose -2*j = -n*v - 3 - 157, -4*j + 300 = -c*v. Calculate the greatest common factor of 10 and j.
10
Let u be (-4)/(-1) - 24/8. Let a be (u + 3)*((-476)/16)/(-7). What is the greatest common divisor of a and 17?
17
Let q(j) = j**3 - 11*j**2 + 7*j + 14. Let g be q(10). Let m = g - -14. Let a be (6 + m)*10/4. Calculate the highest common divisor of a and 90.
10
Let h be (155/10)/(3 + (-25)/10). Calculate the highest common factor of h and 124.
31
Suppose 2*j = -j + 24. Suppose -6*c - 20 = -j*c. Suppose 4*b - 96 = -4*x, 3*x + 2*b = -1 + 69. What is the greatest common divisor of c and x?
10
Suppose -40*m + 4*z = -42*m + 162, -2*m + z + 177 = 0. Calculate the greatest common divisor of 12 and m.
3
Let g be -42*2*(-7)/(42/8). What is the greatest common divisor of 32 and g?
16
Suppose -14*l = -17*l + 9. Suppose -2*j = -l*a + 6, 3*j - 15 = -3*a + 2*j. Let p be (a - 1)/(2/180). Calculate the highest common factor of 30 and p.
30
Let l(c) = 2 - 99*c + 105*c - 2. Suppose 4 = 2*t - 4. Let a be l(t). What is the greatest common factor of a and 8?
8
Let g be (2 + -12)*(-56)/40. What is the highest common factor of 175 and g?
7
Let m be -2*(-1 - 0) - -56. Let l = 107 - m. Let d(q) = -5*q**2 + 100*q + 7. Let z be d(20). What is the greatest common divisor of z and l?
7
Let b = 31 + -5. Suppose 2*v - 9 = -s + 12, 0 = 2*v + 2*s - b. Let c be (-3 - -4)/((-2)/(-128)). Calculate the greatest common factor of v and c.
8
Let d = -782 - -1169. Calculate the greatest common divisor of d and 43.
43
Let s = 7 + -11. Let d = s + 8. Let o(a) = a**2 + 3*a + 8. Let k be o(-7). What is the highest common divisor of d and k?
4
Let o be (((-722)/(-6))/19)/(39/18 - 2). Let n(d) = 56*d**3 + d. Let p be n(1). What is the highest common divisor of p and o?
19
Let m be 138/24 - -3*(-5)/(-60). Calculate the highest common divisor of 9 and m.
3
Let x(o) = -o**3 + 14*o**2 - 11*o - 21. Let w be x(13). Suppose w*u + 113 = 5*v - 792, -v - u = -179. What is the greatest common divisor of 9 and v?
9
Let y be (7 + (-451)/33)*(-6)/4. Calculate the highest common divisor of y and 30.
10
Suppose 41 - 23 = 6*h. Let c be h - (1 - -1) - -5. What is the highest common divisor of 102 and c?
6
Let s(g) be the first derivative of g**2 - 3*g + 4. Let d be s(3). Let w b